 505. List the prime factors of r(-13).
101, 109
Let z = 55 - 49. Let x be 145 + 2 - (z - 2). Suppose y - x = -y + 5*i, 5*y - 386 = 3*i. List the prime factors of y.
79
Let g = 31062 - 10528. List the prime factors of g.
2, 10267
Suppose 0 = 19*t - 6*t - 5694. Let x = 735 - t. List the prime factors of x.
3, 11
Suppose -4*b + 5*b - 6 = 0. Let v(x) = -b*x - 1 + 29 + 3. List the prime factors of v(-11).
97
Suppose -2*f + 82 = -5*g + 336, -5*f + 15 = 0. List the prime factors of 1/4 - (-13 - 4979/g).
109
Suppose 7 = -k - 8. Let u = k - -51. Let h = 25 + u. What are the prime factors of h?
61
Suppose -169*q = -50*q - 2348108. List the prime factors of q.
2, 4933
List the prime factors of (4/10)/(3/1095)*64650/300.
73, 431
Suppose 2*y - 19980 = -11*m + 12*m, 0 = y - 7*m - 9951. List the prime factors of y.
3, 3331
Let t(a) be the first derivative of -a**3/3 - a**2/2 - 17*a - 20. Let k(d) = d + 1. Let o(f) = 6*k(f) - t(f). List the prime factors of o(-14).
11
Suppose 5*n - 2 = -m, 0*n - 1 = n. Suppose -4*w - m = -15. Let o(j) = 3*j**3 - 3*j**2 + 4*j + 1. What are the prime factors of o(w)?
3, 7
Let t(z) = 43*z - 138. Let c be t(23). Let u = 1091 - c. What are the prime factors of u?
2, 3, 5
Let f be (-46)/((-38)/(-20) + -2). Let z = 724 - f. Suppose -4*d + z + 644 = 0. List the prime factors of d.
227
Suppose 5*c + 689 = 4*l, -4*c + 0*c = 4*l - 680. Let s = 72 - l. Let x = 177 + s. What are the prime factors of x?
2, 3, 13
Suppose 3388 = 7*m + 4*m. Let z(p) = -5 + 4 + m*p - 256*p + 10. What are the prime factors of z(2)?
113
Suppose -7*h + 15 = -20. Suppose -h*y = 2*u - 212, 5*u + 52 = y + 15. Suppose 0 = -3*a + 3*i - 0 + y, -4*i = 0. What are the prime factors of a?
2, 7
Let n be 3/(-2)*((-619 - -1) + -8). Suppose 0 = 42*i - 45*i + n. What are the prime factors of i?
313
Suppose 2*m + 36131 - 475 = 4*s, 2*s + 2*m - 17846 = 0. List the prime factors of s.
37, 241
Let f be (-75)/(-9)*(-9)/(-15). Suppose -4*t + f*c + 469 = -3*t, -1924 = -4*t - 4*c. What are the prime factors of t?
479
Let l = 86102 - 3175. List the prime factors of l.
13, 6379
Suppose 1 = -4*l - 15. Let b(v) = -v**2 - 6*v - 5. Let w be b(l). Suppose -301 = w*g - 10*g. List the prime factors of g.
43
Suppose -3*g + 3 = 0, c + 5*g + 487 = 5*c. Suppose -4*t + 8*t = -j + 31, -5*j = 4*t - c. Let a = 143 - j. What are the prime factors of a?
2, 3, 5
Let h = -5319 + 6687. List the prime factors of h.
2, 3, 19
Let u(r) = 33*r**2 - 68*r + 1066. List the prime factors of u(13).
13, 443
Let o(z) = -9*z + 94. Let b be o(-29). Let a = b + -174. List the prime factors of a.
181
Let n(k) = 17*k**3 + 3*k**2 + 1. Let z be (-16)/(-24)*27/6. What are the prime factors of n(z)?
487
Let t be 11 + (-2)/((-2)/(-3)). Suppose 3*a = -1 - t, -5*a = v + 12. Suppose -3*p + 2*p = -3*u - 198, 4*p - 774 = v*u. List the prime factors of p.
2, 3
Let d = 3359 + -1920. List the prime factors of d.
1439
Suppose 0 = w + 14*w - 840. Let j = -58 + w. Let v(u) = -12*u**3 - 3*u - 5. List the prime factors of v(j).
97
Let y = 1255 + 11059. List the prime factors of y.
2, 47, 131
Let h = -102 + -152. Let k = 56 - h. What are the prime factors of k?
2, 5, 31
Let n(r) = -r**2 - 7*r - 10. Let h be n(-5). Suppose 39 = -h*w + 3*w. Let u(c) = 5*c + 26. What are the prime factors of u(w)?
7, 13
Let d(r) be the second derivative of -3*r**8/560 - r**6/720 + 13*r**4/12 + 10*r. Let f(t) be the third derivative of d(t). List the prime factors of f(-1).
37
Let c(l) = 13*l**2 + 70*l + 604. What are the prime factors of c(45)?
7, 4297
Let x(i) = 47*i**3 - 10*i**2 + 8*i + 45. List the prime factors of x(6).
3, 5, 659
What are the prime factors of (15/(630/59948))/((-11)/(-198))?
2, 3, 2141
Let x be (-120)/20 + -10 + (6 - -1). Let l(w) = w**2 - 1. Let g(i) = 8*i**2 + 5*i - 23. Let d(v) = g(v) - 6*l(v). List the prime factors of d(x).
2, 5
List the prime factors of (48915 - -25 - -20) + 24/(-2).
2, 3, 4079
Let m(s) = -3*s - 5. Let v(z) = z**2 + 12*z + 36. Let l be v(-5). Let o be m(l). List the prime factors of (12/o - -3) + 483/6.
2, 41
Let n(l) = l**3 + 11*l**2 + l + 13. Let y be n(-11). Let x(s) = 3*s + 3*s - 3 + 4*s**y + 0*s - 3*s. What are the prime factors of x(2)?
19
What are the prime factors of 20/110 + (-52644)/(-11) - 4?
2, 3, 797
What are the prime factors of -137998*(27 - 3247/119)?
2, 9857
Suppose -3*n + 2*b - 29 = -9, n = 3*b - 2. Let u(v) = -21*v - 17. Let c be u(n). Suppose m - 78 = c. What are the prime factors of m?
229
What are the prime factors of (1282/3)/(-1)*66/(-4)?
11, 641
Let o(r) = -r**3 - 9*r**2 + 8*r - 8. Let t be o(-10). Suppose 4*a = -t*a + 5456. List the prime factors of a.
11, 31
Suppose -710 = -3*t - 2*v, -10*t + 12*t + 5*v - 488 = 0. Let r = t + 96. List the prime factors of r.
2, 3, 5, 11
Suppose r = c - 2*c + 3, 5*c = r + 15. Suppose 6*q - 4*q - 80 = r. Let i = q - 13. What are the prime factors of i?
3
Let n be ((-8)/(128/888))/((-3)/30). Let a = n + 501. What are the prime factors of a?
2, 3, 11
Suppose 10*h - 75271 = -29411. Let j = h - 3028. List the prime factors of j.
2, 19, 41
Let p be -158*(1 + -1 + -1) - -4. Suppose 10*y = 4*y + p. What are the prime factors of y?
3
Let a = 52 + -318. Let y = 438 + a. List the prime factors of y.
2, 43
Let t = 46 - 46. Suppose 2*i + 4*i - 48 = t. Suppose 22 = i*y + 6. What are the prime factors of y?
2
Suppose -5*v - 17952 = -a, -24*v + 23*v = 2*a - 35970. What are the prime factors of a?
2, 3, 37
Suppose 0 + 9 = 9*f. Let j be (30/12)/(f/184). List the prime factors of ((-3)/(-4))/(5/j).
3, 23
Let c be -2 + ((-14)/(-63) - (-34)/9). Suppose 3*p + 2*f - 164 = 255, -2*p + c*f + 276 = 0. What are the prime factors of p?
139
What are the prime factors of ((-34746)/12)/((-21)/6)*(0 + 7)?
5791
Suppose t = -i - 0*t + 119, -4*i - 5*t = -473. Let x = 127 - i. Suppose l + 2*v + 797 = 4*l, 0 = -5*l - x*v + 1345. What are the prime factors of l?
3, 89
Let p(n) = 366 + 0*n**2 - 171 - 165 - 12*n + n**2. Let w be p(9). Suppose -w*b + 340 + 413 = 0. What are the prime factors of b?
251
Let z(h) be the third derivative of 5*h**4/8 - 23*h**3/6 + 136*h**2. What are the prime factors of z(31)?
2, 13, 17
Suppose -585800 - 435696 = -30*u + 317764. What are the prime factors of u?
2, 13, 17, 101
Suppose 0 = -2*a - 14, -63*r + 5*a + 150890 = -58*r. List the prime factors of r.
3, 89, 113
Let o(l) = 2*l. Let r(k) = 26*k + 39. Let h(i) = -35*o(i) + 5*r(i). List the prime factors of h(5).
3, 5, 11
Let u = -644 + 9429. What are the prime factors of u?
5, 7, 251
Let a(j) = -j**3 - 10*j**2 + 4*j - 27. Let b(s) = -s. Let f(q) = q + 22. Let w(m) = 4*b(m) - f(m). Let t be w(-2). What are the prime factors of a(t)?
3, 71
Let m = -203 + 440. List the prime factors of m/(-4)*(-56)/(9 - 2).
2, 3, 79
Suppose 3*m + m = 4*y + 70456, 2*y = -8. Suppose -m = -6*f - 276. Suppose 15*t = -444 + f. What are the prime factors of t?
163
Let h(y) = y**3 + 27*y**2 + 25*y - 30. Suppose -3*b + 2*n = 72, 3*b - b = 4*n - 40. Let t be h(b). List the prime factors of ((-260)/t - 0)*3.
3, 5, 13
Let y = 507 - 273. Suppose -g - 7*m + 60 = -3*m, -2*m - y = -5*g. What are the prime factors of g?
2, 3
Let r = 214 + -45. Let j be (-4 + 8)*1/2. Suppose j*u = -z + r, -z + 4*z = 2*u - 165. List the prime factors of u.
2, 3, 7
Suppose -5*n = 8*n. Let k(v) = 6*v + 4*v - 2*v - 41 + n*v. What are the prime factors of k(23)?
11, 13
Suppose -4*y + 0*y = -260. Suppose 3*z - 46 = 2*z + 4*t, 0 = z - 2*t - 36. Let k = z + y. What are the prime factors of k?
7, 13
Suppose 1537*n = 1555*n - 105137 + 37025. List the prime factors of n.
2, 11, 43
Let a be (-2 - (-40)/12)/(24/12114). Let m = a - 232. List the prime factors of m.
3, 7
Let v(w) = -257*w + 5418. List the prime factors of v(0).
2, 3, 7, 43
Let a be (-7)/(-21) + (-4262)/6 - -3. Let q = -409 - a. Let n = q + -171. What are the prime factors of n?
127
Let s = -120 + 191. Let w = 42 + s. Let x = w - -84. What are the prime factors of x?
197
Suppose -2*b = -2*n + 3*n + 2389, 2*b - 5*n + 2359 = 0. Let s = b - -2218. What are the prime factors of s?
2, 3, 19
Let i(g) be the first derivative of g**6/180 - g**5/40 - 7*g**4/24 + g**3 + 4. Let b(n) be the third derivative of i(n). What are the prime factors of b(8)?
97
Let x be -4*1/(-6) - 81200/(-24). Let k = -2132 + x. What are the prime 